.
35
Calculate the remainder when 7296 is divided by 1041.
9
Calculate the remainder when 710 is divided by 34.
30
What is the remainder when 17 is divided by 4?
1
Calculate the remainder when 127 is divided by 27.
19
What is the remainder when 3998 is divided by 46?
42
Calculate the remainder when 2970 is divided by 4.
2
What is the remainder when 262 is divided by 44?
42
What is the remainder when 358 is divided by 31?
17
What is the remainder when 187 is divided by 27?
25
Calculate the remainder when 184 is divided by 120.
64
Calculate the remainder when 1130 is divided by 1128.
2
Calculate the remainder when 54 is divided by 1.
0
What is the remainder when 312 is divided by 47?
30
Calculate the remainder when 934 is divided by 24.
22
What is the remainder when 95 is divided by 12?
11
What is the remainder when 1289 is divided by 640?
9
Calculate the remainder when 200 is divided by 89.
22
Calculate the remainder when 72 is divided by 63.
9
What is the remainder when 907 is divided by 446?
15
What is the remainder when 578 is divided by 19?
8
Calculate the remainder when 51 is divided by 13.
12
What is the remainder when 1236 is divided by 87?
18
What is the remainder when 781 is divided by 106?
39
What is the remainder when 18 is divided by 1?
0
What is the remainder when 160 is divided by 52?
4
What is the remainder when 119 is divided by 10?
9
Calculate the remainder when 7 is divided by 3.
1
Calculate the remainder when 283 is divided by 24.
19
What is the remainder when 416 is divided by 56?
24
Calculate the remainder when 42 is divided by 13.
3
Calculate the remainder when 1633 is divided by 14.
9
What is the remainder when 273 is divided by 33?
9
Calculate the remainder when 1376 is divided by 107.
92
Calculate the remainder when 2249 is divided by 1105.
39
What is the remainder when 2937 is divided by 25?
12
Calculate the remainder when 148 is divided by 27.
13
Calculate the remainder when 61 is divided by 9.
7
Calculate the remainder when 66 is divided by 8.
2
What is the remainder when 1558 is divided by 20?
18
Calculate the remainder when 7365 is divided by 52.
33
Calculate the remainder when 16586 is divided by 57.
56
What is the remainder when 8943 is divided by 28?
11
What is the remainder when 253 is divided by 43?
38
What is the remainder when 928 is divided by 104?
96
What is the remainder when 544 is divided by 21?
19
Calculate the remainder when 327 is divided by 30.
27
Calculate the remainder when 168 is divided by 106.
62
What is the remainder when 2307 is divided by 292?
263
Calculate the remainder when 89 is divided by 31.
27
Calculate the remainder when 2414 is divided by 69.
68
Calculate the remainder when 1584 is divided by 43.
36
What is the remainder when 189 is divided by 48?
45
What is the remainder when 1473 is divided by 41?
38
Calculate the remainder when 1267 is divided by 53.
48
Calculate the remainder when 1085 is divided by 121.
117
Calculate the remainder when 40 is divided by 17.
6
What is the remainder when 94 is divided by 36?
22
What is the remainder when 1373 is divided by 441?
50
Calculate the remainder when 1189 is divided by 586.
17
What is the remainder when 297 is divided by 15?
12
What is the remainder when 147 is divided by 72?
3
What is the remainder when 1970 is divided by 117?
98
What is the remainder when 34 is divided by 7?
6
What is the remainder when 163 is divided by 35?
23
Calculate the remainder when 77 is divided by 5.
2
What is the remainder when 146 is divided by 26?
16
What is the remainder when 612 is divided by 41?
38
Calculate the remainder when 570 is divided by 43.
11
Calculate the remainder when 737 is divided by 15.
2
Calculate the remainder when 1061 is divided by 9.
8
Calculate the remainder when 774 is divided by 54.
18
What is the remainder when 614 is divided by 159?
137
Calculate the remainder when 3050 is divided by 51.
41
Calculate the remainder when 1944 is divided by 5.
4
What is the remainder when 15499 is divided by 310?
309
What is the remainder when 4304 is divided by 154?
146
What is the remainder when 539 is divided by 36?
35
What is the remainder when 383 is divided by 32?
31
Calculate the remainder when 5086 is divided by 145.
11
What is the remainder when 400 is divided by 131?
7
Calculate the remainder when 932 is divided by 138.
104
What is the remainder when 291 is divided by 246?
45
Calculate the remainder when 758 is divided by 40.
38
Calculate the remainder when 2203 is divided by 79.
70
What is the remainder when 4381 is divided by 129?
124
Calculate the remainder when 56 is divided by 20.
16
What is the remainder when 288 is divided by 58?
56
Calculate the remainder when 146 is divided by 24.
2
Calculate the remainder when 17 is divided by 10.
7
Calculate the remainder when 14903 is divided by 54.
53
Calculate the remainder when 99 is divided by 20.
19
Calculate the remainder when 319 is divided by 102.
13
What is the remainder when 373 is divided by 247?
126
Calculate the remainder when 14 is divided by 14.
0
Calculate the remainder when 809 is divided by 45.
44
Calculate the remainder when 668 is divided by 14.
10
What is the remainder when 317 is divided by 11?
9
Calculate the remainder when 289 is divided by 6.
1
Calculate the remainder when 57 is divided by 23.
11
What is the remainder when 126 is divided by 17?
7
Calculate the remainder when 180 is divided by 91.
89
Calculate the remainder when 1269 is divided by 620.
29
What is the remainder when 626 is divided by 158?
152
What is the remainder when 850 is divided by 270?
40
What is the remainder when 7222 is divided by 24?
22
Calculate the remainder when 129 is divided by 34.
27
What is the remainder when 1821 is divided by 827?
167
What is the remainder when 253 is divided by 26?
19
What is the remainder when 330 is divided by 22?
0
Calculate the remainder when 426 is divided by 115.
81
Calculate the remainder when 387 is divided by 83.
55
Calculate the remainder when 3001 is divided by 75.
1
Calculate the remainder when 1022 is divided by 64.
62
Calculate the remainder when 4860 is divided by 304.
300
Calculate the remainder when 745 is divided by 293.
159
What is the remainder when 2601 is divided by 21?
18
What is the remainder when 1583 is divided by 127?
59
Calculate the remainder when 1748 is divided by 5.
3
Calculate the remainder when 956 is divided by 40.
36
What is the remainder when 2702 is divided by 11?
7
Calculate the remainder when 67 is divided by 35.
32
What is the remainder when 2344 is divided by 138?
136
What is the remainder when 622 is divided by 104?
102
What is the remainder when 51 is divided by 11?
7
Calculate the remainder when 120 is divided by 63.
57
What is the remainder when 1685 is divided by 27?
11
Calculate the remainder when 1161 is divided by 4.
1
Calculate the remainder when 305 is divided by 22.
19
What is the remainder when 2702 is divided by 52?
50
What is the remainder when 217 is divided by 10?
7
Calculate the remainder when 108 is divided by 10.
8
What is the remainder when 934 is divided by 263?
145
What is the remainder when 195 is divided by 86?
23
What is the remainder when 662 is divided by 19?
16
What is the remainder when 1334 is divided by 649?
36
What is the remainder when 105 is divided by 33?
6
What is the remainder when 3809 is divided by 103?
101
What is the remainder when 86 is divided by 3?
2
What is the remainder when 326 is divided by 14?
4
Calculate the remainder when 271 is divided by 2.
1
What is the remainder when 258 is divided by 13?
11
Calculate the remainder when 115 is divided by 52.
11
What is the remainder when 57 is divided by 12?
9
Calculate the remainder when 910 is divided by 20.
10
Calculate the remainder when 15807 is divided by 26.
25
What is the remainder when 265 is divided by 38?
37
What is the remainder when 81 is divided by 76?
5
Calculate the remainder when 71 is divided by 35.
1
Calculate the remainder when 135 is divided by 73.
62
Calculate the remainder when 53720 is divided by 423.
422
Calculate the remainder when 499 is divided by 25.
24
Calculate the remainder when 1922 is divided by 175.
172
What is the remainder when 204 is divided by 58?
30
Calculate the remainder when 121 is divided by 53